+ 8*y + 27*y**2 + 7*y**3. What is the hundreds digit of s(27)?
1
Let w(n) = -12*n. Let v = -66 + 61. What is the units digit of w(v)?
0
Suppose 11*v - 1384 = 1278. What is the units digit of v?
2
Let x(y) = -5*y**2 + 17*y - 8. Let z be x(4). What is the tens digit of ((-164)/(-10))/((-4)/(0 + z))?
8
Suppose -8*d = -2*j - 4*d + 6, -3*j + 5 = -2*d. Let m = 7 - j. What is the tens digit of 23/((-10)/m - -2)?
6
Let n(y) = 7*y**2 - y + 26. What is the hundreds digit of n(8)?
4
Suppose -2*r = -2*a + 118, 5*a + 4*r - 299 = 5*r. Let q = -30 + a. Suppose -w = w - q. What is the tens digit of w?
1
Suppose 0*f - 21 = 7*f. What is the tens digit of 36/(-2)*(f + -2)?
9
Let p(j) be the first derivative of -j**3/3 + 9*j**2/2 - 3*j - 3. Let a be p(6). Suppose -18 = -s + a. What is the units digit of s?
3
Let m(j) = j + 9. Let b be m(-5). Suppose -b*f + 70 = -22. Let t = -13 + f. What is the units digit of t?
0
Suppose 0 = -2*j + 60 + 46. Let h = 134 - j. What is the units digit of h?
1
Suppose 0 = f - 12 + 10. Suppose -57 = -3*m + 3*b, 0 = -5*m + b + 97 - f. What is the tens digit of m?
1
Let h(y) = -2112*y**3 + 3*y**2 - 5. What is the units digit of h(-1)?
0
Let x be (-4)/(-8)*174 + -5. Suppose 0*l - 2*l + 2*i = -158, 4*i = l - x. What is the tens digit of l?
7
Suppose -t + 5*t - 4*k - 24 = 0, -t - 2*k - 3 = 0. Suppose -10 = 5*d, -2*c + 7*c + t*d = 34. What is the units digit of c?
8
Let o = 67 + 53. Let a = 254 - o. What is the tens digit of a?
3
Suppose 2*z + 3*v = 394, -2*z = 2*v - 200 - 192. Suppose z - 26 = 7*x. What is the units digit of x?
4
Suppose 9*r + 255 - 1362 = 0. What is the tens digit of r?
2
Let h(i) = 16*i - 3. Suppose 2*s = -3*s + 45. Let v be h(s). Suppose -4*l + b = -v, l - 28 = b + 11. What is the units digit of l?
4
Let t be 6/(-8) + 150/40. Suppose -t*z = -209 - 583. Suppose 0 = -2*x - 4*x + z. What is the tens digit of x?
4
Let l(x) = 11*x**3 + x + 3. Let d be l(3). Suppose 2*k - 202 = 5*z, 0*z + d = 3*k + 5*z. What is the hundreds digit of k?
1
Suppose -18*v + 5507 = -5545. What is the units digit of v?
4
Suppose -4*t + 3*t + l = -883, -4*l = -2*t + 1760. What is the hundreds digit of t?
8
Let j = -199 + 814. What is the tens digit of j?
1
Let l = -343 - -730. What is the hundreds digit of l?
3
Let s be 6/(-9) + (-74)/(-3). Suppose 0 = -3*k - 9 - s. Let l = -9 - k. What is the units digit of l?
2
Suppose -3*p - 2*p - 2 = -2*o, 0 = -4*o + 3*p + 4. Let r be (o + 5)*(-2)/(-6). Suppose -2*f - 4*t = -r*t - 36, -3*t = -4*f + 79. What is the tens digit of f?
1
Let i(x) = 11*x + 5. Let m = 40 + -27. What is the units digit of i(m)?
8
Suppose -2*h - 3*o = -765, -5*h - 2*o + 1136 + 771 = 0. What is the hundreds digit of h?
3
Suppose -131*u + 137*u = 2394. What is the units digit of u?
9
Suppose -622*a = -619*a - 876. What is the tens digit of a?
9
Let c be (-546)/2*(-3)/(-9)*-1. Suppose 5*v - 3*h - 315 = 0, -5*h + c = -v + 2*v. What is the units digit of v?
6
Suppose 26*b - 16 = 22*b. Suppose 5*a = -b*i + 1228, 0*a + 307 = i - 3*a. What is the units digit of i?
7
Let x be 2/(-4) + 261/6. Let b = x - 31. Let r = -2 + b. What is the units digit of r?
0
Suppose -5*x - 2*x = -168. Let w be -8*(14/8)/(-1). Let u = x - w. What is the tens digit of u?
1
Let p(d) = 42*d**3 + d**2 + d + 1. Let f be p(-1). Let o = f + 36. What is the tens digit of 75 + 1*o/5?
7
Let g be 4/6 - (-165)/9. Let p = -16 + g. Suppose -3*y + 39 = p*d, 2*d + d = 5*y + 39. What is the units digit of d?
3
Suppose -3652 = -11*k + 5071. What is the hundreds digit of k?
7
Let s = -3300 + 7053. What is the thousands digit of s?
3
Let m(x) = x. Let d be m(4). Suppose d*v - 156 = v. What is the units digit of v?
2
Suppose -2*b + 12 = b, 0 = 3*u - 2*b - 367. Let p = u - 52. What is the tens digit of p?
7
Let b(t) = 5*t - 16. Let f be b(4). Suppose -l - 52 = -f*w - 405, -1640 = -5*l - 5*w. What is the units digit of l?
3
Let i = 938 - 655. What is the tens digit of i?
8
Let g = 9 - 8. Let f(m) = 10*m**3 + m**2 - 1. Let t be f(g). Let w = -7 + t. What is the units digit of w?
3
Let w(v) = v**3 - 9*v**2 + v - 7. Let a be w(9). Suppose -4*g = -a*g - 34. What is the units digit of g?
7
Suppose -3*z - 40 = -43. What is the tens digit of (z + -2 - 642/(-6)) + 2?
0
Let s = 938 - 537. What is the units digit of s?
1
Suppose 4*t = u + 10220, -5*t - 7652 = -8*t + 4*u. What is the units digit of t?
6
Let v(o) = 2*o**3 + 3*o**2 - o - 8. Suppose 5*p - 21 = -2*p. What is the units digit of v(p)?
0
Suppose -27 = -3*l + 9. Suppose 6*g - 4*g = l. What is the tens digit of 5 + g/(-3) - -38?
4
Suppose -1439 + 3815 = -6*f. What is the hundreds digit of ((-14)/(-6))/((-6)/f)?
1
Let y(b) = -49*b - 26 + 8*b + 15. Let f be y(-6). Suppose -o = 2*p - 97, 5*p + 2*o - 5 - f = 0. What is the units digit of p?
6
Suppose -30*n = -28*n + 4. Let g = 52 - 36. Let r = n + g. What is the units digit of r?
4
Let q be (11/(-3))/(20/15 - 1). What is the units digit of q*(6/(-4) + 7/(-14))?
2
Let b(r) = 105*r + 114. What is the hundreds digit of b(4)?
5
Let d be 9/(-27) + 139/3. Suppose -d = -2*z + 22. What is the tens digit of z?
3
Let y(t) be the third derivative of 0*t - 1/6*t**3 - 1/120*t**6 + t**2 + 0 + 1/12*t**4 + 1/12*t**5. What is the tens digit of y(3)?
2
Suppose 0 = -4*o + 363 - 59. Suppose -o = -2*g - 0*g. What is the units digit of g?
8
What is the units digit of 1149/9 - (-40)/30?
9
Let p = 45 + -43. Suppose 3*o - 2*k = 404, p*k = -3*k - 5. What is the units digit of o?
4
Suppose -2*w - 3*w = -5. Let s be 239*w + 14 + -10. Suppose -4*i - 5*d = -s, -5*i + 497 = 3*d + 177. What is the units digit of i?
7
What is the units digit of 366/18*(-2)/4*-18?
3
Let d(n) = n**2 - 11*n + 36. Let s be d(22). What is the units digit of s + ((-4)/8)/(-1)*8?
2
Let b(h) = h + 15. Let a be (4/10)/((-5)/(-75)). What is the units digit of b(a)?
1
Suppose -4*l = -2*l - 6. Suppose 1 + 14 = l*d. Let h = d + 8. What is the tens digit of h?
1
Let q = 19 - 3. Let b = -99 + 85. Let i = b + q. What is the units digit of i?
2
Let b(d) = -31*d + 7. Let w be b(-3). Let i = w - 45. What is the units digit of i?
5
Let p(w) = 3*w**2 - 5*w + 7. Let j(b) = b. Let f be j(3). What is the units digit of p(f)?
9
Suppose 972 = -3*r + 15*r. What is the tens digit of r - (5 - 4 - -2)?
7
Suppose 3*d = -2*r + 1 + 1, 3*r - 5*d = 22. Suppose -r + 16 = 3*h. What is the units digit of h/18 + (-129)/(-27)?
5
Let u = 26 - 21. Suppose -u*q + 189 = 2*q. What is the units digit of q?
7
Let g = 175 + -52. What is the tens digit of g?
2
Let o(t) = -t**2 + 11*t. Suppose -3*f - a = 4*a - 22, 5*a - 14 = -f. Let x be o(f). What is the units digit of (x/(-6))/(18/(-27))?
7
Let k(h) = -64*h - 7. Let f be k(-2). Suppose -35 = s - 2*s - 4*y, 4*y = 3*s - f. What is the units digit of s?
9
Let j = 16 - 32. Let f = 20 + j. Let n = 6 + f. What is the tens digit of n?
1
Suppose -21 = -7*q + 5166. Suppose 4*f - 3*c - q = 0, -839 - 82 = -5*f + 2*c. What is the units digit of f?
3
Let g be 4*21/30*5. Let t(q) = q**2 - 9*q - 5. What is the units digit of t(g)?
5
Let m(t) = -349*t - 30. What is the units digit of m(-3)?
7
Let p be ((-72)/8)/(2/10). Let y = 88 + p. Suppose 4*q + 42 = 6*q + 4*b, -2*q - 5*b = -y. What is the units digit of q?
9
Suppose 7384 = 5*i + 2*m, 5*i + 8*m - 8203 = -837. What is the thousands digit of i?
1
Suppose 5*w = 4*w - 2. Let d be (-4)/4*w - -116. Let p = d - 81. What is the units digit of p?
7
Suppose -7*y + 1 = -13. What is the units digit of (108/(-72))/(y/(16/(-3)))?
4
Let d = -16 - 4. Let o = d + 11. Let z(i) = -i**3 - 10*i**2 - 11*i - 10. What is the units digit of z(o)?
8
Let u(r) be the third derivative of r**5/30 - r**3/2 - 14*r**2. Let m be u(2). Let w = m + 21. What is the tens digit of w?
2
Let t(i) = 19*i + 8. Let f(b) = -57*b - 23. Let d(z) = 3*f(z) + 8*t(z). Let a be d(-5). Let n = -49 + a. What is the tens digit of n?
4
What is the hundreds digit of (2/(-3))/(-2*(-4)/(-3324))?
2
Suppose 0 = 3*h - 2*j - 20035, 0 = -24*j + 28*j - 16. What is the units digit of h?
1
Suppose 0 = 7*z - 3*z - 280. What is the units digit of z?
0
Let a(c) = 3*c + 5. Let u = 9 + -3. Let z be 12/(u - 2)*3. What is the tens digit of a(z)?
3
Suppose 4*b - 22 = 2. Suppose -z + 180 = -b*z. What is the tens digit of 3/(-1 + z/(-32))?
2
Let j(b) = -81*b + 7. Let a be j(-1